(-5).
-1
Let i(q) = -2*q - 1. Let r(a) = -2*a**2 - 5*a + 6. Let u be r(-3). Give i(u).
-7
Let s(x) = x + 5. Suppose 17*o - 14*o + 6 = 0. Let g be 2*(-2)/4 + o. Give s(g).
2
Let f(a) = -7*a - 5. Suppose 0 = 3*t - 5*t - 12. Let h(o) = -3*o - 2. Let w(m) = t*f(m) + 13*h(m). What is w(-3)?
-5
Let w(m) = -4*m**2 - 6*m. Let q(k) = 4*k - 8. Let v be q(7). Suppose 5*z - z + v = 0. Let l(b) = -b**2 - b. Let h(n) = z*l(n) + w(n). Calculate h(2).
2
Let z(k) = k**3 + 4*k**2 - 7*k - 5. Let t(y) = 3*y**3 + y - 1. Let x be t(1). Suppose -x*n - m = 27, n = m - 6*m + 5. Let a = n - -5. Calculate z(a).
5
Let w(d) = -7*d**3 + 12*d**2 + 11. Let j(b) be the second derivative of 3*b**5/10 - 11*b**4/12 - 5*b**2 + 3*b. Let p(l) = 6*j(l) + 5*w(l). Give p(6).
-5
Let l(v) = -2*v + 6. Suppose -1 = p + 5*x, 3 - 17 = -3*p + 2*x. Let w be l(p). Let b be w + 8 + 2 + -3. Let f(y) = -y**2 + 7*y - 4. Determine f(b).
6
Let g(z) = -z**3 + 5*z**2 - 2*z - 2. Let k be (-6)/14 + (-1735)/35. Let n be 3/5 + (-170)/k. Suppose 0 = -5*t + v - 2*v + 21, n*t + 2*v - 18 = 0. Give g(t).
6
Let a(h) be the first derivative of 1/4*h**4 + 2*h**2 + 5/3*h**3 + 8 - 2*h. Calculate a(-4).
-2
Let v = -1 - 3. Let t(j) = 23*j - j**2 - 3 - 11*j - 15*j. What is t(v)?
-7
Let d(p) = 2*p**2 + 1. Let j(w) = -23*w**2 - 1. Let t(m) = -2*d(m) - j(m). Calculate t(1).
18
Let x(d) = -4*d + 1. Let v be x(2). Let k(s) = s**2 + 8*s + 3. Determine k(v).
-4
Suppose -2*f + 8 = 2*s, 0*f + 3*f + 23 = 4*s. Let t be ((-1 - -4) + -3)/f. Let i(w) be the second derivative of w**4/12 + w**2 + 2*w. Give i(t).
2
Let s(p) = -p**2 + 10*p + 13. Let h(v) = -2*v**2 - 10*v + 11. Let l be h(-5). Determine s(l).
2
Let c(t) = t**3 - 12*t**2 + 9. Let k(m) = -m**2 - m + 1. Let p = -10 + 16. Let u(j) = p*k(j) - c(j). Calculate u(5).
-8
Let s(j) = -3*j**3 + 12*j**2 + 21*j - 11. Let o(p) = -p**3 + 4*p**2 + 7*p - 4. Let c(y) = 11*o(y) - 4*s(y). Calculate c(5).
-10
Let f = 3 + -5. Let v(u) be the second derivative of -u**6/360 - u**5/60 - u**3/6 + u. Let o(m) be the second derivative of v(m). Determine o(f).
0
Let z(u) be the first derivative of 7*u**4/4 + 2*u**3/3 - u - 57. What is z(1)?
8
Let x(r) = -r - 2. Let o(a) = -a - 23. Let m be o(-17). What is x(m)?
4
Let f(j) = -j**3 + 9*j**2 - 7*j - 8. Suppose -q + 6 = -2. Let r be f(q). Let h(t) = r + t + 2 + 0 + 3. Give h(-5).
0
Let n(i) = i**3 + 9*i**2 + 7*i. Let w be n(-8). Let h(q) = q - 3. What is h(w)?
5
Suppose 0 = 3*f - 1 + 10. Suppose -3*q + i = -11, 0 = -5*q + 2*i + 8 + 12. Let t(k) = -4*k + 5*k - q*k. Determine t(f).
3
Let l(i) be the third derivative of -i**4/12 + 7*i**3/6 - 2*i**2. Suppose -4*u = -16 + 4. Suppose 0 = 3*v - 5*w, -u*v = -8*v + 5*w + 10. What is l(v)?
-3
Let u(p) be the first derivative of p**4/4 - p**3 - 3*p**2/2 + p + 115. Let b(c) = 5*c. Let j be b(-1). Let w = 7 + j. What is u(w)?
-9
Let h(p) be the second derivative of -p**3/6 - 7*p**2/2 + 2*p. Let y = 2 - -4. Let c = y - 10. Give h(c).
-3
Let h = -11 - -16. Suppose -1 - 14 = h*b. Let z(x) = -2*x**3 - 9*x**2 - 3. Let s(g) = -3*g**3 - 17*g**2 - 6. Let r(c) = b*s(c) + 5*z(c). Give r(6).
3
Let g(h) = -15*h**2 - 4*h - 4 + 11*h**2 + 3*h + h**3 + 8*h**2. What is g(-4)?
0
Let f(g) be the third derivative of g**6/60 - g**5/60 + g**3/6 + g**2. Suppose -4*v - 3*q = 2*q - 24, 4*v - q = 0. Suppose -v = -x + 2*x. What is f(x)?
-2
Let b(q) = q**3 + 4*q**2 - 8*q - 7. Let n(h) = h**2 - 7*h + 3. Let v be n(5). Let u be (-33)/7 + 2/v. Let i(y) = y. Let d be i(u). What is b(d)?
8
Suppose w = 2*w + 3. Let y(u) = 0*u**2 + 2*u - u**2 - 4 - 6*u. Determine y(w).
-1
Let x(w) = w**3 - 7*w**2 + 8*w - 9. Suppose -4*p - 2 = -l - 0, -3*l + 4*p = -14. What is x(l)?
3
Let u(c) = -c**3 - c - 11. Let d = -7 - -7. What is u(d)?
-11
Let u(v) = v - 3*v**2 - 7*v**3 + 8*v**3 + v**3 + 1 + 2*v**2. Determine u(-1).
-3
Let y(z) = 7*z**2 + 2*z - 3*z + 2*z**3 - 1 - z**3 - 9*z**2. Let i be (-1 + 0)*(5 - 2). Let w = i - -5. Give y(w).
-3
Let q = 7 - 13. Let s(z) be the third derivative of -z**6/120 - z**5/12 + z**4/4 - z**3/2 + 6*z**2. Calculate s(q).
-3
Suppose -3*d + 9 = 2*k, -6 = d - 3*d - k. Let t(p) = p**2 - 5*p + 4. Give t(d).
-2
Suppose 0 = -5*x + 3*d - 6, 2*d + d = 6. Suppose -3*k - 2*i - 4 = x, k + 5*i = 4*k - 31. Let u(a) = -2*a + a - 3 - a**k + a**3 + 0. What is u(0)?
-3
Let p(o) = -o**3 + 5*o**2 + 4*o - 4. Let u(r) = -r**3 + 4*r**2 + 4*r - 4. Let w(j) = 2*p(j) - 3*u(j). What is w(4)?
20
Let h(y) = 2*y - 6. Let d be 276/(-15) - (-2)/5. Let c = d + 22. Determine h(c).
2
Let s(i) be the first derivative of i**3 - i**2 - 2*i + 21. What is s(2)?
6
Let n(c) be the first derivative of c**4/24 - c**3/2 + 2*c**2 + 7. Let o(a) be the second derivative of n(a). Calculate o(-4).
-7
Let b(j) = -2*j - 3. Let u(l) = l**2 + 5*l + 5. Let o be u(-5). Determine b(o).
-13
Let s(c) = -15*c - 33. Let k(g) = 7*g + 16. Let v(d) = -13*k(d) - 6*s(d). Determine v(-7).
-3
Let t = -12 - -15. Let i(o) = -5*o**3 + 2*o**t - 7 + 0*o**3 + 4*o**3. Determine i(0).
-7
Let o(b) = 12*b**3 - b**2 + 2*b - 1. Let u(c) = c**2. Let p(x) = -2*x**3 - 1. Let k be p(-1). Let i be u(k). Determine o(i).
12
Let x(n) = n**3 + 6*n**2 - 8*n + 7. Let m be x(-7). Suppose -5*t - 1 = m. Let o be (t/(-2) + -2)*6. Let y(v) = -v**2 - 4*v - 3. Calculate y(o).
0
Let p be (-36)/(-21) + (-2)/(-7). Let w(s) = 4*s + s - 3*s + 4*s + s**p + 5. Give w(-5).
0
Let d(u) = -u**3 - 5*u**2 - 3*u + 2. Let g be d(-4). Let z(x) = 9*x + x**2 + 2*x**2 - 6*x - 2*x**2 + 2. Calculate z(g).
0
Let r(j) = -1. Let y(p) = 2*p - 4. Let x(v) = -4*r(v) - y(v). Let i be (-9)/((-10)/4 - -1). Give x(i).
-4
Let b(d) be the first derivative of -2*d**3 - d**2 - 9. Give b(-2).
-20
Let m(o) = -o**3 + 6*o**2 - 2*o - 6. Let y(w) = -w**3 + 3*w**2 + 2*w + 5. Let h be y(4). Let q be 5 + h + 6/2. Give m(q).
9
Suppose -2 = -2*h + 5*d + 1, 3*h - 3*d = 9. Suppose 9*m - h*m = 10. Let v(y) = 0*y + 4 - 3 - y. What is v(m)?
-1
Let i(c) be the second derivative of -c**5/20 + c**4/12 - c**3/3 + c**2 - c. Let n(j) = -j - 5. Suppose 0*g - 14 = 2*g. Let k be n(g). Determine i(k).
-6
Let i(x) = -x**3 + 9*x**2 + 9*x + 12. Let g be i(10). Let r(c) = -9*c - 1 + 5*c + g*c - 3. Give r(-3).
2
Let d(r) be the second derivative of r + 0 + 5/3*r**3 + 0*r**2. Give d(1).
10
Let j be 28/6*(3 - 0). Let t be (-7)/(j/8) - -5. Let c(w) = 7*w**3 + w**2 - w + 1. What is c(t)?
8
Suppose -13 = 3*w + 2*b, 3*w - w = 4*b + 18. Let d(l) = 6*l**2 + l + 1. Determine d(w).
6
Suppose 5*a + 4*f + 84 = 14, 0 = 4*a - 2*f + 56. Let m be (a/(-2)*1)/1. Let u = -9 + m. Let i(h) = -2*h - 3. Calculate i(u).
1
Let x(c) = 2*c - 1. Let d(a) = -a + 3. Let i be d(-4). Let w = -7 - -5. Let m = i + w. Determine x(m).
9
Let o(l) = l**2 - 3*l + 3. Let d be o(3). Let b(a) = -a + 2. Determine b(d).
-1
Let y(x) = 2*x + 1. Let k(o) = -o - 4. Suppose -6*j + 4*j = 0. Let r be k(j). Give y(r).
-7
Let o(n) be the third derivative of -n**4/24 + n**3/2 + n**2. Let d = -10 + 13. What is o(d)?
0
Let t(m) = m**2 + 5*m + 8. Suppose 69 = -7*s + 27. Calculate t(s).
14
Let p(z) = z**3 - 2*z**2 + 2*z + 2. Let v be p(2). Let d(w) = 0 - 3*w - 1 + 3 - v. Give d(-3).
5
Let l(k) = -k**3 + 6*k**2 - 5*k + 4. Let q be l(5). Let s(b) be the first derivative of 0 + 2 - b**2 - 1 + 5*b. Calculate s(q).
-3
Let q(h) = -h**2 + 5*h + 2. Let n(o) = 3*o**2 - 10*o - 4. Suppose 4*a - 31 + 23 = 0. Let c(u) = a*n(u) + 5*q(u). Suppose 9 = -5*t - 16. Determine c(t).
2
Suppose 3*w = -2*j - 10, 2*j = -2*w - 2 - 4. Suppose -c = -0*c - j. Let r be c/((-2 + 3)*1). Let k(g) = -12*g + 1. What is k(r)?
-11
Let c(k) be the third derivative of -k**5/15 - k**4/24 - 10*k**2. Determine c(1).
-5
Let y(w) be the first derivative of w**4/4 - 4*w**3/3 - 3*w**2 + 3*w + 7. Give y(5).
-2
Let r = -1 - -3. Suppose -5*t + u = -40, 0 = -4*t + u + 4 + 29. Let x = r - t. Let g(o) = o**3 + 5*o**2 - 6. Calculate g(x).
-6
Let i(f) = -f**2 + 4*f - 4. Suppose -5*d - 29 = -2*q, 4*q - 5*q - 4*d = 18. Suppose -q*g + 48 = g. Let r be (-2)/(-8) + 60/g. Give i(r).
-4
Let w(i) = -i**3 - i**2 - i - 1. Suppose 5*q = -5*v - 10, -4*v = -4*q + 8 - 0. Let z be w(q). Let g(m) = -4*m + 1. Determine g(z).
5
Let d(h) be the third derivative of -h**6/120 - h**5/12 + 7*h**4/24 - h**3/3 + 4*h**2. Let i be -2 + 5/(5/(-4)). Determine d(i).
-8
Let n(q) = q + 4. Let t = 3 - 7. Determine n(t).
0
Let k be (-